ltiple of 4695?
True
Does 5254 divide 1702643654?
False
Does 5447 divide 523865225?
True
Is 70870861 a multiple of 192?
False
Does 20 divide 54020220?
True
Is 558132223 a multiple of 7?
False
Is 340174516 a multiple of 37?
False
Does 63 divide 132575720?
False
Is 340119000 a multiple of 2600?
True
Is 235 a factor of 934244615?
True
Does 638 divide 5716480?
True
Does 88 divide 49751856?
True
Is 54 a factor of 267164117?
False
Is 433 a factor of 214706514?
True
Is 119 a factor of 62198321?
False
Does 19 divide 193887692?
False
Is 7 a factor of 83270909?
False
Does 161 divide 262373006?
True
Is 26 a factor of 127863539?
False
Is 53 a factor of 14001964?
True
Does 33 divide 1309148214?
True
Is 25 a factor of 87888720?
False
Is 542669148 a multiple of 42?
True
Does 147 divide 464307585?
True
Is 5378325 a multiple of 720?
False
Is 1041940920 a multiple of 521?
False
Is 196 a factor of 37034788?
True
Does 20 divide 86779289?
False
Does 19 divide 130421738?
True
Is 14499652 a multiple of 523?
True
Does 329 divide 13066249?
False
Does 81 divide 5443524?
True
Is 941 a factor of 180851731?
True
Does 35 divide 6804808?
False
Does 85 divide 998815450?
True
Does 355 divide 46297453?
False
Is 122265000 a multiple of 55?
True
Is 125 a factor of 84809125?
True
Is 1550925 a multiple of 15?
True
Is 4293 a factor of 615421661?
False
Is 97 a factor of 168914927?
True
Does 74 divide 567537598?
True
Does 77 divide 125161190?
True
Does 28 divide 841897501?
False
Is 10 a factor of 108650320?
True
Is 22 a factor of 5573239?
False
Is 264584986 a multiple of 5?
False
Is 96 a factor of 25324992?
True
Is 130 a factor of 4535310?
True
Does 11 divide 30342543?
True
Does 86 divide 661456616?
True
Is 78 a factor of 46471308?
True
Is 727 a factor of 60833357?
False
Is 64649233 a multiple of 2692?
False
Is 5441340 a multiple of 12?
True
Is 358 a factor of 363548371?
False
Is 211809014 a multiple of 2539?
False
Does 11 divide 61494?
False
Does 34 divide 1587727614?
True
Does 38 divide 50404636?
False
Is 4671 a factor of 552430660?
False
Does 73 divide 2317516035?
True
Is 17 a factor of 222711587?
False
Is 26674692 a multiple of 44?
True
Is 39226468 even?
True
Is 3584 a factor of 7223769780?
False
Does 6 divide 316643229?
False
Is 330416805 a multiple of 84?
False
Is 1349 a factor of 25546013?
True
Does 6 divide 17498070?
True
Is 25742691 a multiple of 281?
True
Is 2266 a factor of 39333228?
True
Does 6893 divide 1876026452?
True
Is 10419762 a multiple of 3?
True
Does 1173 divide 439032913?
False
Is 281 a factor of 588051229?
True
Does 17 divide 19626534?
True
Is 55382039 a multiple of 17?
True
Does 14 divide 7546350?
True
Is 292 a factor of 275032464?
True
Does 64 divide 141215200?
False
Does 1647 divide 168141087?
False
Is 5331709 a multiple of 29?
False
Is 90805712 a multiple of 1063?
True
Is 115 a factor of 7301513875?
True
Is 258791148 a multiple of 44?
True
Is 19 a factor of 4837165179?
True
Is 59 a factor of 924283345?
False
Does 2520 divide 1038886638?
False
Is 109732795 a multiple of 19?
False
Does 13 divide 51879137?
False
Is 216 a factor of 2006427024?
True
Does 36 divide 225742860?
True
Is 15457389 a multiple of 30?
False
Is 2489176624 a multiple of 9547?
False
Is 3068805 a multiple of 37?
False
Does 9 divide 11693884?
False
Is 628888 a multiple of 252?
False
Does 5148 divide 1458416197?
False
Is 18 a factor of 82700506?
False
Does 19 divide 12095092?
False
Does 629 divide 1351479464?
True
Is 440454168 a multiple of 3498?
True
Is 77777120 a multiple of 1168?
True
Is 2994 a factor of 91670292?
True
Is 42 a factor of 97345295?
False
Does 6 divide 661894063?
False
Is 590018339 a multiple of 739?
True
Does 69 divide 18963753?
True
Is 12 a factor of 184919059?
False
Is 13 a factor of 308384947?
True
Does 3 divide 1576299?
True
Is 333850518 a multiple of 7?
False
Is 24 a factor of 112444?
False
Does 55 divide 1749398170?
False
Is 301682177 a multiple of 2267?
False
Is 21073796 a multiple of 742?
False
Is 575345746 a multiple of 1564?
False
Is 81688308 a multiple of 2382?
True
Is 5262 a factor of 2121354252?
True
Does 34 divide 82611299?
False
Does 1088 divide 1316480?
True
Does 264 divide 106539856?
False
Is 82 a factor of 38475832?
False
Is 10904 a factor of 1555673767?
False
Is 50882399 a multiple of 57?
False
Does 2 divide 1474299?
False
Is 60 a factor of 80429400?
True
Is 39046212 a multiple of 2363?
True
Does 205 divide 2523279021?
False
Does 126 divide 46700504?
False
Does 16 divide 391792327?
False
Is 8 a factor of 8574240?
True
Is 195997921 a multiple of 16?
False
Is 101171519 a multiple of 463?
True
Is 23 a factor of 46716062?
False
Does 4383 divide 64455503?
False
Is 14364045 a multiple of 45?
True
Is 2960 a factor of 18784160?
True
Is 3620634640 a multiple of 112?
True
Is 11977336 a multiple of 14?
True
Does 350 divide 2790611116?
False
Is 124 a factor of 1124236?
False
Does 16 divide 75588156?
False
Is 2153574573 a multiple of 1614?
False
Does 60 divide 71395809?
False
Is 150 a factor of 36400200?
True
Is 183 a factor of 635225292?
False
Is 273 a factor of 636798435?
True
Is 74 a factor of 7115633?
False
Is 685744453 a multiple of 17?
True
Does 211 divide 124550135?
True
Is 151 a factor of 70790485?
False
Is 116561424 a multiple of 42?
True
Does 628 divide 714258940?
True
Does 211 divide 25634601?
True
Does 16 divide 127957466?
False
Does 5 divide 447160?
True
Does 353 divide 1945523847?
True
Is 406 a factor of 144181850?
False
Is 1523050694 a multiple of 832?
False
Does 135 divide 167097761?
False
Does 312 divide 55215788?
False
Does 17 divide 715447917?
False
Does 6690 divide 554018970?
True
Is 2 a factor of 12242430?
True
Is 24 a factor of 1891008?
True
Is 26 a factor of 388794632?
False
Is 944604918 a multiple of 6?
True
Is 545 a factor of 878379209?
False
Does 7 divide 61160565?
False
Does 3 divide 45356?
False
Is 914919652 a multiple of 7440?
False
Is 200977144 a multiple of 341?
False
Is 906855690 a multiple of 196?
False
Does 754 divide 589149210?
True
Does 52 divide 12154948?
True
Does 58 divide 68105340?
True
Does 5 divide 107636580?
True
Is 680 a factor of 585096131?
False
Is 311201055 a multiple of 3?
True
Is 305 a factor of 36952885?
True
Is 30262140 a multiple of 10?
True
Is 7 a factor of 13168106?
True
Is 398963806 a multiple of 131?
False
Is 11 a factor of 14214827?
True
Is 2183 a factor of 296783766?
False
Is 1887958 a multiple of 58?
True
Is 3 a factor of 2514182?
False
Is 178 a factor of 2587371688?
True
Is 33 a factor of 1028099424?
True
Does 407 divide 252647862?
False
Does 8 divide 743053757?
False
Is 412303668 a multiple of 7?
True
Does 1302 divide 148738834?
False
Is 12807 a factor of 4983522866?
False
Does 28 divide 75505322?
False
Is 260098965 a multiple of 4?
False
Is 114 a factor of 824138006?
False
Is 113380846 a multiple of 2723?
False
Does 108 divide 5386392?
True
Is 161463120 a multiple of 28?
True
Does 165 divide 23140689?
False
Is 26082685 a multiple of 406?
False
Is 26213391 a multiple of 369?
True
Is 372 a factor of 16025760?
True
Does 732 divide 246599088?
True
Is 699 a factor of 7128945?
False
Is 1676659520 a multiple of 2512?
True
Does 988 divide 183817400?
True
Does 100 divide 460991894?
False
Does 4 divide 1320494863?
False
Is 185176740 a multiple of 3?
True
Is 1339 a factor of 207123215?
True
Does 46 divide 8367239644?
True
Is 416 a factor of 1422812288?
False
Is 1218 a factor of 1081218600?
True
Does 25 divide 1106279850?
True
Does 3 divide 14156808?
True
Is 42 a factor of 1591800?
True
Is 3380 a factor of 51795120?
True
Is 149 a factor of 23857621?
False
Is 242 a factor of 4110144456?
True
Is 1662 a factor of 4095168?
True
Does 2211 divide 2973472194?
True
Is 13 a factor of 15665740?
False
Is 6461 a factor of 141998852?
False
Is 106 a factor of 169003644?
True
Is 4 a factor of 12538605?
False
Does 86 divide 363211196?
True
Does 689 divide 668186523?
False
Is 946674086 a multiple of 2633?
True
Is 640 a factor of 1922428757?
False
Does 9 divide 267887934?
True
Does 516 divide 37351692?
True
Does 261 divide 4149608901?
False
Does 36 divide 186249564?
True
Is 987 a factor of 433145937?
True
Is 15006490 a multiple of 485?
False
Does 16 divide 506739152?
True
Is 775 a factor of 232604863?
False
Is 6 a factor of 191581062